?
6
Let u(r) = r**3 - 4*r**2 + 5. Let i be u(4). Suppose 5 = 2*l - i. Suppose -5*j + 33 = 3*o, -4*o - l = -2*j + 3. What is the units digit of j?
6
Let b be 7 + -2 + 0/(-3). Suppose 2*z + 26 = -2*p, -2*p + b*p + 15 = -z. What is the tens digit of (-164)/z + 6/(-9)?
1
Let a = 126 + 12. What is the tens digit of a?
3
What is the tens digit of 54 + (-1)/(-2)*0?
5
Let x(q) = 2*q + 54. What is the tens digit of x(0)?
5
Let h(o) = o**2 + o + 16. What is the tens digit of h(0)?
1
Let v(b) = 14*b**3 + 2*b**2 - 1. Suppose 2*j + 0 = 2. Let x be v(j). What is the units digit of (-22)/(-3) - 5/x?
7
Suppose -5*l + 18 = -4*p - 35, -11 = 3*p + 2*l. Let a = p - -12. What is the units digit of a?
5
Suppose -3*c + 5 + 22 = 0. Suppose 3*q - c = 12. What is the units digit of q?
7
Let h(x) = -6 + 6 - 1 + x. What is the units digit of h(5)?
4
Suppose 6 = -3*z, 3*a - 69 - 7 = -4*z. What is the units digit of a?
8
Suppose 2*z = 10*z - 88. What is the tens digit of z?
1
Let j(q) be the third derivative of q**5/30 - q**4/12 - 5*q**2. What is the units digit of j(2)?
4
Suppose r = j - 2*r + 17, -2*j + 10 = 5*r. Let g(n) = -n**2 - 12*n - 6. What is the tens digit of g(j)?
2
Let c = -17 - -98. What is the units digit of c?
1
Suppose 35 = 2*y - 5*m, -y - 2*m = -3*y + 20. Let j = y + -2. What is the units digit of j?
3
Suppose -2*y - 30 = y. Let g = 24 + y. Suppose -4*b + g = -22. What is the units digit of b?
9
Suppose 0 = -2*c - c + 3*q + 21, 0 = q + 5. What is the units digit of c?
2
Suppose 2*o + 2*o - 20 = 0, 16 = -u + 4*o. Suppose -u*m = -0*m. Suppose -2*h - i + 3 = m, 0*h - 4*h + 5 = 3*i. What is the units digit of h?
2
Suppose 2*h - 5*t + 10 = 0, 0*t = -3*t + 12. Suppose -24 = -h*r - 9. Suppose -3*j + 9 = r. What is the units digit of j?
2
Let r = -1 - 0. Let b = r - -8. What is the units digit of b?
7
Let i(a) be the second derivative of -11*a**3/6 - a**2 + 2*a. What is the tens digit of i(-4)?
4
Suppose 5*x - i - 50 = 2*i, -4*x + 40 = i. What is the units digit of 2 + x - (-2 - 1)?
5
Let z be (22/3)/((-11)/66). Let a = 63 + z. What is the tens digit of a?
1
Let v(o) = 3*o + 1. Let u be v(1). Let g(s) = -s**2 + 4*s + 4. What is the units digit of g(u)?
4
Let i = 10 + 13. What is the tens digit of i?
2
What is the tens digit of ((-4 - -106) + 4)/2?
5
Let y be ((-14)/(-4))/((-3)/(-6)). Let d = 11 + y. Suppose 2*n - 4*n + d = 0. What is the units digit of n?
9
Let f(h) = h**2 + h - 1. Let a(w) = 7*w**2 - 5*w + 5. Let o(y) = a(y) + 6*f(y). What is the tens digit of o(1)?
1
What is the tens digit of (2/(-3))/(-1)*351/2?
1
Suppose -5*p = -p - 592. What is the tens digit of p?
4
Let k be 2 - (10 - 2)*1. Let l = 17 - k. What is the units digit of l?
3
Let w(o) = 6*o - 2. Let q be w(4). Let g(l) = -5*l + 3. Let i be g(3). Let z = q + i. What is the units digit of z?
0
Let i(x) = x**3 - x**2 - 2*x + 22. What is the tens digit of i(0)?
2
Let x(q) = q**3 - 8*q**2 + 8*q - 6. What is the units digit of x(8)?
8
Suppose -5*a = 5*k - 830, 0 = -0*a + a + 4*k - 151. What is the units digit of a?
1
What is the units digit of -104*(-4 + -1 + 4)?
4
Suppose -l + 2*v = 7, 2*l + 2*v - 13 = -3*l. What is the units digit of (l + 4/2)*1?
3
What is the units digit of (42/(-15) - -2)/((-8)/3340)?
4
Suppose 5*z - 1 = 19, 348 = 4*f - 3*z. What is the tens digit of f?
9
Let r = -18 + 30. Suppose r*w - 16 = 8*w. What is the units digit of w?
4
Let n(c) = -2*c**3 + 3*c**2 - c. Let o be n(2). Let t = -2 - o. Suppose 0 = t*i - 20, 3*a + 3*i = -a + 23. What is the units digit of a?
2
Let c(h) = -3*h + 4*h + 5*h - 5*h**2 + 4*h**2 + 5. What is the units digit of c(6)?
5
Let h(f) = -9*f - 3. Let y be h(-2). Let l = 24 - y. What is the units digit of l?
9
Let m be (2/(-4))/(10/(-60)). What is the tens digit of (15 - -2) + m + -5?
1
Let k(g) = -g**2 - 16*g + 3. What is the units digit of k(-8)?
7
Let v(q) = -2*q + 6*q**2 - q**2 + 4 + q - 4*q**2. What is the units digit of v(0)?
4
Suppose 5*x = -4*d + 7*x + 144, 4*x + 98 = 3*d. What is the tens digit of d?
3
Let w = -21 + 26. What is the units digit of w?
5
Let n(p) = -p. Let k be n(-1). Let l be k*((1 - -1) + 1). Suppose -11 = 4*b - l*m, 4*b - 9 = -0*m - m. What is the units digit of b?
1
Let h(g) = -3*g**3 - 3*g**2 - g + 8. What is the tens digit of h(-3)?
6
Let p(m) = m + 7. Let x be p(-7). Suppose 3*l - 87 - 57 = x. What is the units digit of l?
8
Let b(h) = -h**2 + 11*h + 14. Let l be b(10). What is the tens digit of (-7 + l)*(1 + 0)?
1
Let y(t) = 20*t**3 - t**2 - 2. What is the units digit of y(2)?
4
Let i(c) = 18*c + 1. Suppose 0 = 4*l + 2*w - 1 - 13, -5*l + 2*w = 5. Suppose 0*p - p = -l. What is the tens digit of i(p)?
1
Let y be (3 + 3)/(12/8). Suppose 0 = 3*i + 5*g - 14, y*i = 3*g - 2*g + 34. What is the units digit of i?
8
Let s be ((-16)/(-6))/((-5)/(-120)). Suppose -3*c - 1 = -s. What is the units digit of c?
1
Let o = -1 - 2. Let r(a) = -a**3 - 3*a**2 - a. What is the units digit of r(o)?
3
Suppose 4 = -f + 2*f, -1 = v - 2*f. What is the units digit of (v/(-28))/((-1)/28)?
7
Suppose -2*i - 223 = -3*v, -3*i - 138 = -2*v + i. What is the units digit of v?
7
Let g(v) = v**2 - 2*v + 9. What is the hundreds digit of g(-11)?
1
Let r(t) = t**3 - 4*t**2 + 3*t - 10. Let j(p) = p**3 - 3*p**2 + 4*p - 11. Let d(m) = 5*j(m) - 6*r(m). What is the units digit of d(9)?
3
Let g be (1 + 1)/((-2)/(-5)). Suppose -6*t + 82 = 2*j - 4*t, 2*j + g*t = 70. Suppose -3*i - 2*i = -j. What is the units digit of i?
9
Let v(g) = 4*g**2 - g - 1. Let x be v(-1). Suppose 5*m + n - 30 = 0, -m - x*n + 12 = m. Suppose 3*c - 36 = m. What is the units digit of c?
4
Let g = -126 + 129. Suppose -22 = -3*l + 5*l. Let o = g - l. What is the units digit of o?
4
Let p(x) = x**2 - 4*x - 3. Let u be p(5). Suppose -u*o = -4 - 12. What is the units digit of o?
8
Let s be ((-7)/2 - -3)*2. What is the tens digit of (s - 1)/(26/(-429))?
3
Let z = -135 + 293. What is the units digit of z?
8
Suppose p = 4*p - 12. What is the units digit of -3 + (26 - (3 - p))?
4
What is the units digit of ((-141)/(-45) + -3)*-40*-21?
2
Let q = -8 - -39. What is the units digit of q?
1
Let l = 9 - 4. Let h = 15 + -14. Suppose f = l + h. What is the units digit of f?
6
Let b(u) = -4*u**2 + u - 1. Let l be b(1). What is the units digit of ((-30)/l)/(-5)*-2?
3
Let f(q) = q**2 - 9*q - 10. Let s be f(9). What is the units digit of 6/10 - 274/s?
8
Suppose -192 = -4*q + 228. Suppose -q = -6*d + 57. What is the tens digit of d?
2
Let d(w) = -1 + 5 + 0*w - w + 2*w. What is the units digit of d(5)?
9
Suppose -4*l - l = -2*z + 17, 0 = -5*l + 15. Let p = z - 9. What is the units digit of p?
7
Suppose 4*u - 15 = -0*u + 5*l, -4*u - 3*l + 23 = 0. Suppose 0*w = -u*w + 25. Let m = 0 + w. What is the units digit of m?
5
Let n = 4 - 0. What is the units digit of n/(-6)*-1*6?
4
Suppose -4*a - 7*u + 2*u = 44, -26 = 5*a - u. Let x be (-3)/(a/2) - 13. Let b = x + 17. What is the units digit of b?
5
Suppose -272 = -4*y + 248. What is the units digit of y?
0
Let l(c) = -6*c**3 - c**2 + 2*c. What is the units digit of l(-2)?
0
Suppose 171 = 5*a - 2*k, 5*k = -0*a - 2*a + 51. What is the units digit of a?
3
Suppose 3*s + 24 = 3. Let p(v) = v**2 + 5*v - 9. Let m be p(s). Suppose -l = -3*k + 48, m*k + 15 = -5*l + 115. What is the units digit of k?
7
What is the units digit of (-294)/56*2/3*-6?
1
Suppose 3*f + 2 = 35. Suppose -u = -5*o - 2*u + f, 0 = -4*u + 4. What is the units digit of (-1)/(((-2)/7)/o)?
7
Let o(p) = -p + 2. Let h be o(0). Suppose 5*q - h*x = 20, -q + 8 = q + 5*x. Suppose 10 = s - q. What is the tens digit of s?
1
Let c be 4*9/(-6) + 0. What is the units digit of ((-45)/(-20))/(c/(-16))?
6
Let i = -4 - -11. What is the units digit of i?
7
What is the units digit of (-3)/(((-105)/25 - -4)/5)?
5
Suppose 5*w + 25 = 0, f + 3*w + 9 + 4 = 0. Suppose -2*g - 4*c + 42 = c, -56 = -f*g + 2*c. What is the units digit of g?
6
Suppose 0*n = 3*n - 12. Let f(k) = 3*k**2 - k**3 - 4*k**2 - 2 + 6*k**2 - k + 0*k**3. What is the tens digit of f(n)?
1
Suppose -2*r + r + 1 = 0. What is the units digit of (32/6)/(r/3)?
6
Let w = -3 - -1. Suppose -40 = -5*v - 5*m, 0 = 2*v - 3*m - 3 + 12. Let u = v + w. What is the units digit of u?
1
Let v(j) = -j**3 - 16*j**2 - 17*j - 3. What is the units digit of v(-15)?
7
What is the units digit of -2 + 3 + 3 +